{"id":68,"date":"2024-09-01T17:11:02","date_gmt":"2024-09-01T17:11:02","guid":{"rendered":"https:\/\/www.die-stoakraxler.at\/?page_id=68"},"modified":"2024-09-07T11:46:07","modified_gmt":"2024-09-07T11:46:07","slug":"erklaerung-zum-datenschutz-privacy-policy","status":"publish","type":"page","link":"https:\/\/www.die-stoakraxler.at\/?page_id=68","title":{"rendered":"Erkl\u00e4rung zum Datenschutz (Privacy Policy)"},"content":{"rendered":"\t\t<div data-elementor-type=\"wp-page\" data-elementor-id=\"68\" class=\"elementor elementor-68\">\n\t\t\t\t<div class=\"elementor-element elementor-element-40cfb5b e-flex e-con-boxed e-con e-parent\" data-id=\"40cfb5b\" data-element_type=\"container\" data-e-type=\"container\">\n\t\t\t\t\t<div class=\"e-con-inner\">\n\t\t\t\t<div class=\"elementor-element elementor-element-8ea3bc1 elementor-widget elementor-widget-heading\" data-id=\"8ea3bc1\" data-element_type=\"widget\" data-e-type=\"widget\" data-widget_type=\"heading.default\">\n\t\t\t\t\t<h2 class=\"elementor-heading-title elementor-size-default\">Erkl\u00e4rung zum Datenschutz (Privacy Policy)<\/h2>\t\t\t\t<\/div>\n\t\t\t\t\t<\/div>\n\t\t\t\t<\/div>\n\t\t<div class=\"elementor-element elementor-element-3bf55ce e-flex e-con-boxed e-con e-parent\" data-id=\"3bf55ce\" data-element_type=\"container\" data-e-type=\"container\">\n\t\t\t\t\t<div class=\"e-con-inner\">\n\t\t\t\t<div class=\"elementor-element elementor-element-8db9e34 elementor-widget elementor-widget-text-editor\" data-id=\"8db9e34\" data-element_type=\"widget\" data-e-type=\"widget\" data-widget_type=\"text-editor.default\">\n\t\t\t\t\t\t\t\t\t<p><strong>Vorwort<\/strong><br \/>Die Betreiber von \u201eDie Stoakraxler\u201c nehmen den Schutz Ihrer pers\u00f6nlichen Daten sehr ernst. Der Schutz Ihrer Privatsph\u00e4re bei der Verarbeitung personenbezogener Daten ist uns ein wichtiges Anliegen. Personenbezogene Daten werden gem\u00e4\u00df den Bestimmungen der Datenschutz-Grundverordnung (DSGVO) und des Bundesdatenschutzgesetzes (BDSG) verwendet; die Betreiber dieser Website verpflichten sich zur Vertraulichkeit. Diese Webseiten k\u00f6nnen Links zu Webseiten anderer Anbieter enthalten, auf die sich diese Datenschutzerkl\u00e4rung nicht erstreckt. Weitere wichtige Informationen finden sich in den <a href=\"https:\/\/www.die-stoakraxler.at\/?page_id=66\">Allgemeinen Nutzungsbedingungen<\/a>.<\/p><p><strong>1. Personenbezogene Daten<\/strong><br \/>Personenbezogene Daten sind Informationen, die dazu genutzt werden k\u00f6nnen, Ihre Identit\u00e4t zu erfahren. Darunter fallen Informationen wie Name, Adresse, Postanschrift und Telefonnummer. Informationen, die nicht direkt mit der tats\u00e4chlichen Identit\u00e4t in Verbindung gebracht werden (z.B. favorisierte Webseiten oder Anzahl der Nutzer einer Site), fallen nicht darunter.<br \/>Sie k\u00f6nnen unser Online-Angebot grunds\u00e4tzlich ohne Offenlegung Ihrer Identit\u00e4t nutzen. Wenn Sie sich entscheiden, sich zu registrieren, k\u00f6nnen Sie im Benutzerprofil pers\u00f6nliche Informationen hinterlegen. Es liegt in Ihrer freien Entscheidung, diese Daten anzugeben. F\u00fcr die Registrierung reicht die Angabe eines Namens \u2013 dieser muss nicht mit Ihrem realen Namen \u00fcbereinstimmen \u2013 und einer E-Mail-Adresse aus, an die das Kennwort geschickt wird. Beim Zugriff auf unsere Seiten werden serverseitig Daten (z.B. IP-Adresse, Datum, Uhrzeit und betrachtete Seiten) gespeichert. Eine personenbezogene Auswertung findet nicht statt. Die statistische Auswertung anonymisierter Datens\u00e4tze bleibt vorbehalten.<br \/>Wir verwenden personenbezogene Daten nur im erforderlichen Umfang zur technischen Administration der Webseiten und zur Mitgliederverwaltung. Dar\u00fcber hinaus werden pers\u00f6nliche Daten nur dann gespeichert, wenn diese freiwillig angegeben werden.<\/p><p><strong>2. Weitergabe personenbezogener Daten<\/strong><br \/>Wir verwenden personenbezogene Informationen nur f\u00fcr diese Webseite. Eine Weitergabe der Daten an Dritte erfolgt nur mit Ihrer ausdr\u00fccklichen Zustimmung. Im Rahmen der Auftragsdatenverarbeitung k\u00f6nnen Daten an Dienstleister weitergegeben werden, die an die DSGVO, das BDSG und diese Privacy Policy gebunden sind. \u00dcbermittlungen personenbezogener Daten an staatliche Einrichtungen und Beh\u00f6rden erfolgen nur im Rahmen zwingender Rechtsvorschriften.<\/p><p><strong>3. Einsatz von Cookies<\/strong><br \/>Wir setzen Cookies \u2013 kleine Dateien mit Konfigurationsinformationen \u2013 ein, um benutzerindividuelle Einstellungen zu ermitteln und spezielle Benutzerfunktionen zu realisieren. Wir erfassen keine personenbezogenen Daten \u00fcber Cookies. Alle Funktionen der Website sind auch ohne Cookies nutzbar, allerdings k\u00f6nnen einige benutzerdefinierte Eigenschaften und Einstellungen dann nicht verf\u00fcgbar sein. Sie k\u00f6nnen die Speicherung der Cookies durch eine entsprechende Einstellung Ihrer Browser-Software verhindern.<\/p><p><strong>4. Kinder<\/strong><br \/>Unser Online-Angebot richtet sich nicht an Personen unter 18 Jahren. Kinder und Jugendliche sollten ohne Zustimmung der Eltern oder Erziehungsberechtigten keine personenbezogenen Daten an uns \u00fcbermitteln. Wir fordern keine personenbezogenen Daten von Kindern an, sammeln diese nicht und geben sie nicht an Dritte weiter.<\/p><p><strong>5. Recht auf Widerruf<\/strong><br \/>Wenn Sie uns personenbezogene Daten \u00fcberlassen haben, k\u00f6nnen Sie diese jederzeit im Benutzerprofil \u00e4ndern oder l\u00f6schen. F\u00fcr eine vollst\u00e4ndige L\u00f6schung des Accounts wenden Sie sich bitte an den Webmaster. Beitr\u00e4ge in Foren, Kommentaren, Terminank\u00fcndigungen und Artikeln, die bis zu diesem Zeitpunkt erfolgt sind, bleiben m\u00f6glicherweise erhalten \u2013 n\u00e4here Informationen dazu finden Sie in den <a href=\"https:\/\/www.die-stoakraxler.at\/?page_id=66\">Allgemeinen Nutzungsbedingungen<\/a>.<\/p><p><strong>6. Links zu anderen Websites<\/strong><br \/>Unser Online-Angebot enth\u00e4lt Links zu anderen Websites. Wir haben keinen Einfluss darauf, ob deren Betreiber die Datenschutzbestimmungen einhalten.<\/p><p><strong>7. Beitr\u00e4ge<\/strong><br \/>Die Beitr\u00e4ge auf unserer Seite sind f\u00fcr jeden zug\u00e4nglich. Beitr\u00e4ge sollten vor der Ver\u00f6ffentlichung sorgf\u00e4ltig darauf \u00fcberpr\u00fcft werden, ob sie Angaben enthalten, die nicht f\u00fcr die \u00d6ffentlichkeit bestimmt sind. Die Beitr\u00e4ge werden m\u00f6glicherweise in Suchmaschinen erfasst und sind weltweit zug\u00e4nglich, auch ohne gezielten Aufruf dieser Website.<\/p><p><strong>8. Datensicherheit<\/strong><br \/>Wir setzen technische und organisatorische Sicherheitsma\u00dfnahmen ein, um Ihre durch uns verwalteten Daten gegen zuf\u00e4llige oder vors\u00e4tzliche Manipulationen, Verlust, Zerst\u00f6rung oder gegen den Zugriff unberechtigter Personen zu sch\u00fctzen. Unsere Sicherheitsma\u00dfnahmen werden entsprechend der technologischen Entwicklung fortlaufend verbessert.<\/p><p><strong>9. Fragen und Kommentare<\/strong><br \/>Bei Fragen, Anregungen oder Kommentaren zum Thema Datenschutz wenden Sie sich bitte per E-Mail an den Webmaster von \u201eDie Stoakraxler\u201c unter <a href=\"mailto:msv@die-stoakraxler.at\"><span style=\"color: #0274be;\">msv@die-stoakraxler.at<\/span><\/a>.<\/p>\t\t\t\t\t\t\t\t<\/div>\n\t\t\t\t\t<\/div>\n\t\t\t\t<\/div>\n\t\t\t\t<\/div>\n\t\t","protected":false},"excerpt":{"rendered":"<p>Erkl\u00e4rung zum Datenschutz (Privacy Policy) VorwortDie Betreiber von \u201eDie Stoakraxler\u201c nehmen den Schutz Ihrer pers\u00f6nlichen Daten sehr ernst. Der Schutz [&hellip;]<\/p>\n","protected":false},"author":1,"featured_media":0,"parent":0,"menu_order":0,"comment_status":"closed","ping_status":"closed","template":"","meta":{"_bbp_topic_count":0,"_bbp_reply_count":0,"_bbp_total_topic_count":0,"_bbp_total_reply_count":0,"_bbp_voice_count":0,"_bbp_anonymous_reply_count":0,"_bbp_topic_count_hidden":0,"_bbp_reply_count_hidden":0,"_bbp_forum_subforum_count":0,"site-sidebar-layout":"no-sidebar","site-content-layout":"","ast-site-content-layout":"full-width-container","site-content-style":"default","site-sidebar-style":"default","ast-global-header-display":"","ast-banner-title-visibility":"","ast-main-header-display":"","ast-hfb-above-header-display":"","ast-hfb-below-header-display":"","ast-hfb-mobile-header-display":"","site-post-title":"disabled","ast-breadcrumbs-content":"","ast-featured-img":"disabled","footer-sml-layout":"","ast-disable-related-posts":"","theme-transparent-header-meta":"","adv-header-id-meta":"","stick-header-meta":"","header-above-stick-meta":"","header-main-stick-meta":"","header-below-stick-meta":"","astra-migrate-meta-layouts":"default","ast-page-background-enabled":"default","ast-page-background-meta":{"desktop":{"background-color":"var(--ast-global-color-4)","background-image":"","background-repeat":"repeat","background-position":"center center","background-size":"auto","background-attachment":"scroll","background-type":"","background-media":"","overlay-type":"","overlay-color":"","overlay-opacity":"","overlay-gradient":""},"tablet":{"background-color":"","background-image":"","background-repeat":"repeat","background-position":"center center","background-size":"auto","background-attachment":"scroll","background-type":"","background-media":"","overlay-type":"","overlay-color":"","overlay-opacity":"","overlay-gradient":""},"mobile":{"background-color":"","background-image":"","background-repeat":"repeat","background-position":"center center","background-size":"auto","background-attachment":"scroll","background-type":"","background-media":"","overlay-type":"","overlay-color":"","overlay-opacity":"","overlay-gradient":""}},"ast-content-background-meta":{"desktop":{"background-color":"var(--ast-global-color-5)","background-image":"","background-repeat":"repeat","background-position":"center center","background-size":"auto","background-attachment":"scroll","background-type":"","background-media":"","overlay-type":"","overlay-color":"","overlay-opacity":"","overlay-gradient":""},"tablet":{"background-color":"var(--ast-global-color-5)","background-image":"","background-repeat":"repeat","background-position":"center center","background-size":"auto","background-attachment":"scroll","background-type":"","background-media":"","overlay-type":"","overlay-color":"","overlay-opacity":"","overlay-gradient":""},"mobile":{"background-color":"var(--ast-global-color-5)","background-image":"","background-repeat":"repeat","background-position":"center center","background-size":"auto","background-attachment":"scroll","background-type":"","background-media":"","overlay-type":"","overlay-color":"","overlay-opacity":"","overlay-gradient":""}},"ngg_post_thumbnail":0,"footnotes":""},"class_list":["post-68","page","type-page","status-publish","hentry"],"_links":{"self":[{"href":"https:\/\/www.die-stoakraxler.at\/index.php?rest_route=\/wp\/v2\/pages\/68","targetHints":{"allow":["GET"]}}],"collection":[{"href":"https:\/\/www.die-stoakraxler.at\/index.php?rest_route=\/wp\/v2\/pages"}],"about":[{"href":"https:\/\/www.die-stoakraxler.at\/index.php?rest_route=\/wp\/v2\/types\/page"}],"author":[{"embeddable":true,"href":"https:\/\/www.die-stoakraxler.at\/index.php?rest_route=\/wp\/v2\/users\/1"}],"replies":[{"embeddable":true,"href":"https:\/\/www.die-stoakraxler.at\/index.php?rest_route=%2Fwp%2Fv2%2Fcomments&post=68"}],"version-history":[{"count":13,"href":"https:\/\/www.die-stoakraxler.at\/index.php?rest_route=\/wp\/v2\/pages\/68\/revisions"}],"predecessor-version":[{"id":1037,"href":"https:\/\/www.die-stoakraxler.at\/index.php?rest_route=\/wp\/v2\/pages\/68\/revisions\/1037"}],"wp:attachment":[{"href":"https:\/\/www.die-stoakraxler.at\/index.php?rest_route=%2Fwp%2Fv2%2Fmedia&parent=68"}],"curies":[{"name":"wp","href":"https:\/\/api.w.org\/{rel}","templated":true}]}}